 is g(w)?
0
Let i be (-8)/(-4) + 1 + -1. Suppose -a + 0*a = -i. Let u(c) = -c**3 - c - 5*c**2 - 2*c + 0*c**a + 0*c**2. Give u(-4).
-4
Let r(s) be the second derivative of -s**4/6 - 8*s. Let d = -7 - -8. Give r(d).
-2
Suppose 3*k - k + 8 = 0. Let c be 2/k*(-1 + 3). Let v(a) = 6*a**2 - 2*a - 1. Calculate v(c).
7
Suppose 2*f - 10 = 2. Suppose 23 = 3*k + 5*q - 11, 3*k = 3*q - f. Let j(l) = -l + 3. What is j(k)?
0
Let m(s) = 2*s**3 - s - 1. Let l = -7 - -6. Determine m(l).
-2
Let q(m) = 6*m**2 - 2*m - 1. Suppose -2*b = 5*u + 5, b + 5*u = -5 - 0. Let j(w) = w**2 + 4*w + 4. Let c be j(-3). Suppose -o + b = c. What is q(o)?
7
Let h(r) be the first derivative of -1/2*r**2 + 0*r - 2. Let d(t) = -21*t - 3. Let f(o) = d(o) - 18*h(o). What is f(-3)?
6
Let p = -1 - -2. Let k = 4 - p. Let z(b) = 4 + 5*b**3 + b**3 - 2*b - 5*b**k + 3*b**2. Give z(-4).
-4
Let z(b) = -b + 9. Let g = 0 + 2. Suppose -3*o - g*m = -5*m - 27, 0 = -o - m + 3. Calculate z(o).
3
Let n(s) = s**3 + 4*s**2 + 3*s + 2. Suppose -3*c = y - 6*y - 6, -3*c + y - 6 = 0. Let i be n(c). Let p(o) = -5*o**2 + 0*o**i + 2*o**2. Give p(1).
-3
Let t be (24/(-28))/((-1)/28). Suppose 3*k + 2*r = 20, -5*k - 4*r + t = -12. Let j(q) = 3 + q + 0 - k. What is j(-4)?
-5
Suppose 0 = 5*j - 5 - 5. Let y(g) = -1 + 0*g**2 + 0 + 0*g**2 - j*g - g**2. Determine y(-2).
-1
Let j(o) = -4*o**2 + 3*o + 1. Suppose 2*m + 2 + 4 = 0. Let w(z) = 7*z**2 - 5*z - 3. Let c(q) = m*w(q) - 5*j(q). Give c(0).
4
Let j(v) = -v**2 + 6*v - 4. Let c be j(4). Suppose -2 = c*g - 6*g. Let f(s) = -2*s + 1. Calculate f(g).
-1
Let x be 1*-2*(-8)/4. Let z(d) = -d + 7. Let q be z(5). Let p(b) = -b - x + q*b + 0*b. What is p(-3)?
-7
Let u(s) = -s**3 + 6*s**2 + 7*s. Let m be (-6)/2 - (-13 + 3). Determine u(m).
0
Suppose -4*r - d - 29 = 0, -d = 4*d + 25. Let p(x) be the third derivative of -1/24*x**4 + 0*x + 0 - 7/6*x**3 - 3*x**2. Give p(r).
-1
Let g(z) = -2*z + 3. Suppose 5*b - 11 = 2*k - 0*k, -k + 5 = b. Suppose -k = -5*j + 3. Let y = 1 + j. Determine g(y).
-1
Let u(x) = 9*x - x**2 + 7*x + 2 - 24*x. Determine u(-9).
-7
Let j be (13 + -4)/(6/(-4)). Let g(p) = p**3 + 7*p**2 + 6*p + 9. Determine g(j).
9
Suppose 5*w + 3*m = 2*m + 1, 4 = 4*m. Let c(r) be the first derivative of 1/2*r**4 + 0*r**2 + w*r**3 - 4 + 0*r. What is c(-1)?
-2
Let u(b) = -8*b**2 + b - 5. Let a(m) = 15*m**2 - 2*m + 9. Let n(q) = 6*a(q) + 11*u(q). Calculate n(2).
5
Let s(j) = -j**3 + 8*j**2 - j + 11. Let u be s(8). Let a(z) = -7*z**2 - 4*z**3 - 6 + z + 16 + u*z**3 + z. Give a(-7).
-4
Let q(l) be the second derivative of -l**4/12 + 3*l**3/2 - 2*l**2 + 19*l + 2. What is q(9)?
-4
Let y be (-4 + -1 + 5)/(2 - 1). Let b(j) be the third derivative of -j**5/60 + j**4/24 - 2*j**3/3 + j**2. What is b(y)?
-4
Suppose 5*t - 7 = 8. Let g(a) = -a**t + a**2 - 7*a - 3*a**2 + 8*a**2 - 1. What is g(5)?
-11
Let t(n) = -n - 8. Let h be t(-5). Let y be 6/h - 0 - -16. Suppose -4*p - y - 6 = 0. Let z(m) = m**2 + 3*m - 6. What is z(p)?
4
Let z(o) = o - 12. Let m be z(0). Let u be (m/10)/((-3)/(-10)). Let j(q) = -q**2 - 6*q - 4. Determine j(u).
4
Let h(y) = y - 11. Suppose -6*i = -4*i - 5*q - 19, -4*i - q + 27 = 0. Determine h(i).
-4
Let w = -5 - -7. Suppose -3*g + 13 = 5*i, -4*i - 2*g - w*g = -4. Let j(d) = -4 + 3*d**2 - i*d**2 + d**2 + d. Determine j(0).
-4
Let z(s) = s - 1. Let t(u) = 8*u - 2. Let d(n) = -t(n) - 5*z(n). Let g(j) = -14*j + 8. Let i(r) = -7*d(r) + 6*g(r). Calculate i(-1).
-8
Let g(j) be the second derivative of 0*j**2 + 0 - 6*j + 1/4*j**4 - 1/20*j**5 - 1/6*j**3. Suppose 5*a = 4*f + 1 + 13, 4*f = a - 6. Determine g(a).
2
Let g be -1 - (-15)/5 - 2. Let t(u) be the third derivative of 0*u + 5/24*u**4 + 1/120*u**6 + 2*u**2 - 7/6*u**3 + g + 1/10*u**5. What is t(-5)?
-7
Let f(u) = -2*u + 3. Let g(h) = h**3 - 5*h**2 - 5*h - 10. Let s be g(6). Determine f(s).
11
Let w = 1 + 2. Suppose q - w*q = -6. Let r(u) = u - 4. What is r(q)?
-1
Let d = -3 + 5. Let u(p) = p + 0*p - 2*p - 4 + d. Give u(-6).
4
Let o(z) = -8*z + 4. Let j(w) = -9*w + 5. Suppose -1 = -2*k - 9. Let p(n) = k*o(n) + 3*j(n). Calculate p(1).
4
Let j(l) = 5*l**2 - 7. Let f = 18 + -27. Let k(s) = -2*s**2 + 3. Let h(w) = f*k(w) - 4*j(w). Give h(1).
-1
Let w(z) = z**2 - 9*z + 13. Let u be w(5). Let o(s) = -s - 14. Calculate o(u).
-7
Let q = -11 - -15. Let s(x) = -3*x**2 + q*x**2 - 4*x**2 - 3*x - x**3. What is s(-2)?
2
Let n(r) = r**2 - 3*r + 4. Let y be ((-10)/(-25))/((-1)/(-5)). Suppose y*s = -0*s. Let f be 2 + s - (1 + -3). What is n(f)?
8
Let f(s) be the first derivative of s**2/2 - 6*s + 22. Determine f(12).
6
Let d(k) = -2*k**2 - 2*k - 4. Let h(s) = -s**2 - s - 2. Let y(w) = 6*d(w) - 13*h(w). Let m = 9 + -4. Suppose -z + 3*c - 5 = 6*c, m*c + 7 = -z. What is y(z)?
4
Let h = -4 + 9. Let m(q) = q - h*q + 4 + q. Let w(t) = -t + 1. Let a(n) = m(n) - 2*w(n). What is a(-2)?
4
Let k = -6 - -5. Let g be k/3*2*-9. Let l(y) = -8*y - 2*y**3 + 3*y**2 + 6*y**2 - 3*y**2 + g + y**3. Give l(5).
-9
Let o(a) = -a**2 - 6*a + 7. Let i be o(-7). Let u(g) = -g**3 + g**2 + g. Give u(i).
0
Suppose -6 = 2*j + 2*n, 15 = -5*j - 4*n + 3*n. Let d be 1/(5/(-2) - -2). Let b = d - j. Let w(i) = -3*i - 1. What is w(b)?
-4
Let o(l) = 7*l**2 - 1. Let i = 186 + -185. Determine o(i).
6
Let z(y) be the second derivative of -9*y - 1/6*y**4 + y**2 + 0 + 1/2*y**3. What is z(3)?
-7
Let r(c) = 0*c**3 + 2*c**2 - 2*c**2 + 7*c**3 + c**2. Let t(x) = -29*x**3 - 5*x**2. Let m(u) = 9*r(u) + 2*t(u). Calculate m(1).
4
Let s(w) = 10*w. Let f(t) = 5*t. Let g(n) = -5*f(n) + 2*s(n). Suppose -3*b = h + 14, -3*h + 2*h = -b - 6. What is g(h)?
-5
Let d(f) = 5*f**2 - 5*f. Let l(t) = 6*t**2 - 5*t - 1. Let s(v) = -5*d(v) + 4*l(v). Determine s(3).
2
Let b(r) = -r**2 - 4*r + 7. Suppose -5*k = 10, 22 = 2*p + k - 5*k. Let h = 6 - -4. Suppose -3*n = i - p, 2*i - n + h = -4. Determine b(i).
2
Let m(x) = 5*x. Let a(j) = 6*j. Let w = 21 + -19. Let o(g) = w*a(g) - 3*m(g). Determine o(4).
-12
Let b(q) = 17*q + 3. Let h(n) = -4*n - 1. Let g(d) = -2*b(d) - 9*h(d). Give g(4).
11
Let y(t) = 2*t + 1. Let r = 11 + -7. Suppose r*i = -0*i + 8. Give y(i).
5
Let u(o) be the third derivative of -1/24*o**4 - 1/24*o**6 + o**2 + 0*o**3 + 0*o + 0 - 1/30*o**5. Let h(w) = -w**2 - w + 1. Let c be h(1). Determine u(c).
4
Let l(h) be the second derivative of -h**4/12 - h**3 - 3*h**2/2 + 5*h. What is l(-3)?
6
Suppose 5 = 3*s - 4. Suppose 5*g = -n - 9, -4*g + 7 = s*n + 23. Let w = n - -7. Let y(l) = l**3 - 2*l**2 - 2*l - 1. Determine y(w).
2
Let t(s) = s**2 - 6*s + 7. Let o be (-45)/(-6)*6/9. Let h(b) = -b + 8. Let m be h(o). Suppose -3*v - 26 = -4*n, 2 = -m*v - 4. Give t(n).
2
Let k(z) = -2*z**2. Let a be (-8)/(-20) - 23/(-5). Suppose a*d + 10 = -0. Calculate k(d).
-8
Let b(g) = -3 - 4*g**3 + g**2 + 3*g**3 - 4. Let w be (-1 + (-2 - -3))/2. Determine b(w).
-7
Let w(m) = 535 - 5*m - 539 + 5*m**2 - 6*m**2. Determine w(-5).
-4
Let m(x) = -x + 4. Let u(d) = d - 4. Let t(v) = -3*m(v) - 2*u(v). What is t(7)?
3
Let y(p) = p**2 + p. Let n(f) = -f**2 - 4*f - 4. Let t be n(-3). Let m(w) = 6*w**2 + 11*w + 3. Let k(x) = t*m(x) + 5*y(x). Determine k(-5).
2
Let z be 1 + 1 + (1 - -2). Let c(u) = z*u + 1 - 6*u - 1. Calculate c(-4).
4
Let h(v) be the third derivative of -v**5/60 + v**4/8 + v**3/6 - 4*v**2. Give h(5).
-9
Let z be (0 - 3)*(-1 - -2) + -1. Let n(t) be the third derivative of t**6/120 + t**5/12 + t**4/6 - 2*t**3/3 - 2*t**2. Calculate n(z).
-4
Let q(t) = -6*t**3 + t**2 + 7*t + 5. Let k(s) = 6*s**3 - s**2 - 6*s - 4. Let v(b) = 6*k(b) + 5*q(b). Let h = 3 + -2. Give v(h).
5
Let c(x) = x**2 + 4*x + 1. Suppose 7*o + 23 = -12. Calculate c(o).
6
Let b = -7 - -25. Suppose 4*r + 2*h - 3*h + b = 0, 0 = 5*r - 2*h + 21. Let p(i) = -i**3 - 6*i**2 - 6*i - 6. What is p(r)?
-1
Let l(q) be the first derivative of q**4/12 - q**3/3 + 5*q**2/2 - 4. Let y(r) be the second derivative of l(r). What is y(-2)?
-6
Let d(g) = -2*g - 6. Let b = -24 + 18. Determine d(b).
6
Let x(q) = -q + 1. Let k be x(-5). Let j = 10 - k. Let o(n) = 3*n - 1. Give o(j).
11
Let i(k) = 5*k**2 + 4*k - 15. Let q(r) = 3*r**2 + 2*r - 8. Let h(u) = -4*i(u) + 7*q(u). What is h(3)?
7
Let h be ((-27)/(-36))/(9/(-8))*-3. Let a(b) be the second derivative of -b**3 - 2*b + 0 - 3/2*b**h + 1/12*b**4. Determine a(5).
-8
Suppose 0 - 2 = 3*q + 4*y, -3*y = 4*q - 2. Let o(s) = 0*s**2 - 2*s**2 + 2*s**